38 is divided by 2480?
2478
Calculate the remainder when 606003 is divided by 201813.
564
Calculate the remainder when 3370219 is divided by 280851.
7
What is the remainder when 23222 is divided by 7740?
2
Calculate the remainder when 477749 is divided by 98.
97
Calculate the remainder when 61267 is divided by 1405.
852
What is the remainder when 8475837 is divided by 2430?
2427
What is the remainder when 554083 is divided by 591?
316
Calculate the remainder when 163890 is divided by 4282.
1174
Calculate the remainder when 14728598 is divided by 2104083.
17
What is the remainder when 466862 is divided by 7072?
110
Calculate the remainder when 157953641 is divided by 242.
241
What is the remainder when 17988 is divided by 35?
33
Calculate the remainder when 3478115 is divided by 96610.
155
What is the remainder when 881684 is divided by 51840?
404
Calculate the remainder when 4358659 is divided by 726309.
805
What is the remainder when 12146123 is divided by 6073057?
9
Calculate the remainder when 203682 is divided by 1604.
1578
What is the remainder when 117796509 is divided by 450?
9
What is the remainder when 6761726 is divided by 3767?
3728
What is the remainder when 1411756 is divided by 930?
16
Calculate the remainder when 1873976 is divided by 3771.
3560
What is the remainder when 344096 is divided by 1381?
227
What is the remainder when 30362 is divided by 937?
378
Calculate the remainder when 2150429 is divided by 5485.
309
Calculate the remainder when 1384335 is divided by 1508.
1499
What is the remainder when 44001 is divided by 625?
251
Calculate the remainder when 29626884 is divided by 640.
4
Calculate the remainder when 18621 is divided by 2262.
525
What is the remainder when 11521059 is divided by 1789?
1688
Calculate the remainder when 185370 is divided by 161.
59
Calculate the remainder when 454933812 is divided by 1995.
1992
What is the remainder when 925227 is divided by 15?
12
What is the remainder when 218735 is divided by 587?
371
Calculate the remainder when 115851 is divided by 41.
26
What is the remainder when 261502067 is divided by 261502064?
3
Calculate the remainder when 3912247 is divided by 548.
75
What is the remainder when 112835530 is divided by 111168?
10
What is the remainder when 4751372 is divided by 2212?
2208
What is the remainder when 19399 is divided by 4376?
1895
Calculate the remainder when 82143976 is divided by 133.
117
What is the remainder when 23546 is divided by 5475?
1646
Calculate the remainder when 41816 is divided by 66.
38
What is the remainder when 389334 is divided by 2513?
2332
What is the remainder when 19192 is divided by 1806?
1132
Calculate the remainder when 15062 is divided by 285.
242
Calculate the remainder when 21102395 is divided by 879265.
35
What is the remainder when 8539801 is divided by 6229?
6071
What is the remainder when 5081294 is divided by 1544?
1534
Calculate the remainder when 758225 is divided by 2211.
2063
What is the remainder when 1388529 is divided by 1139?
88
What is the remainder when 199313 is divided by 383?
153
Calculate the remainder when 113194 is divided by 2012.
522
Calculate the remainder when 5663541 is divided by 1132679.
146
Calculate the remainder when 1106597 is divided by 23.
21
What is the remainder when 463583002 is divided by 2042?
2036
Calculate the remainder when 53070 is divided by 3160.
2510
Calculate the remainder when 250748 is divided by 20047.
10184
Calculate the remainder when 1868113 is divided by 467023.
21
What is the remainder when 289702 is divided by 159?
4
What is the remainder when 1030543 is divided by 15?
13
What is the remainder when 95780087 is divided by 1314?
1313
Calculate the remainder when 2295455 is divided by 2295409.
46
Calculate the remainder when 16347502 is divided by 1148.
1130
What is the remainder when 99440 is divided by 19853?
175
What is the remainder when 326262792 is divided by 28?
16
What is the remainder when 43080960 is divided by 19?
18
Calculate the remainder when 64657 is divided by 2391.
100
Calculate the remainder when 1192773 is divided by 116.
61
What is the remainder when 100680 is divided by 4592?
4248
Calculate the remainder when 91412319 is divided by 286.
141
Calculate the remainder when 2369102 is divided by 51502.
10
What is the remainder when 1796315 is divided by 94539?
74
What is the remainder when 34713 is divided by 871?
744
Calculate the remainder when 492317 is divided by 52.
33
What is the remainder when 876186 is divided by 690?
576
What is the remainder when 291227 is divided by 96927?
446
Calculate the remainder when 110494 is divided by 110418.
76
Calculate the remainder when 219767 is divided by 3569.
2058
What is the remainder when 220335 is divided by 74?
37
Calculate the remainder when 1867565 is divided by 4589.
4431
Calculate the remainder when 23622213 is divided by 77.
76
What is the remainder when 19099634 is divided by 44?
26
What is the remainder when 3125335 is divided by 488?
183
What is the remainder when 994917 is divided by 16073?
14464
Calculate the remainder when 1054898 is divided by 7034.
6832
What is the remainder when 3604419 is divided by 588?
567
Calculate the remainder when 39567213 is divided by 312.
309
Calculate the remainder when 527283 is divided by 131818.
11
What is the remainder when 173063 is divided by 1713?
50
What is the remainder when 71688 is divided by 14335?
13
Calculate the remainder when 89587 is divided by 819.
316
Calculate the remainder when 576853 is divided by 288229.
395
What is the remainder when 60522718 is divided by 255?
253
Calculate the remainder when 56934 is divided by 2356.
390
What is the remainder when 916670 is divided by 53908?
234
What is the remainder when 66927 is divided by 9019?
3794
Calculate the remainder when 913555 is divided by 3161.
26
What is the remainder when 455465 is divided by 1854?
1235
Calculate the remainder when 4675810 is divided by 467578.
30
Calculate the remainder when 943628 is divided by 938.
0
What is the remainder when 1987709 is divided by 2936?
37
Calculate the remainder when 457914 is divided by 57239.
2
What is the remainder when 157036 is divided by 78454?
128
Calculate the remainder when 58226951 is divided by 19658.
19613
Calculate the remainder when 602925 is divided by 35.
15
What is the remainder when 136812869 is divided by 386477?
11
Calculate the remainder when 3288757 is divided by 99.
76
Calculate the remainder when 414468 is divided by 18835.
98
Calculate the remainder when 582737 is divided by 193960.
857
What is the remainder when 324141255 is divided by 2198?
2195
What is the remainder when 81824 is divided by 5324?
1964
Calculate the remainder when 570155 is divided by 190050.
5
What is the remainder when 2961269 is divided by 658?
269
Calculate the remainder when 5865253 is divided by 148.
13
Calculate the remainder when 430803 is divided by 25340.
23
What is the remainder when 10952144 is divided by 41961?
323
Calculate the remainder when 137183 is divided by 45614.
341
Calculate the remainder when 308395854 is divided by 395.
394
Calculate the remainder when 5905754 is divided by 45778.
392
What is the remainder when 15847 is divided by 1189?
390
What is the remainder when 39035821 is divided by 3957?
16
What is the remainder when 1054103 is divided by 81084?
11
Calculate the remainder when 137178 is divided by 33.
30
What is the remainder when 879748 is divided by 5?
3
Calculate the remainder when 246147942 is divided by 433.
432
Calculate the remainder when 7046680 is divided by 118.
74
What is the remainder when 391478499 is divided by 500?
499
What is the remainder when 1459465 is divided by 25163?
11
Calculate the remainder when 8697 is divided by 3860.
977
What is the remainder when 2341887 is divided by 234188?
7
Calculate the remainder when 204973 is divided by 4181.
104
Calculate the remainder when 120179521 is divided by 103247.
13
Calculate the remainder when 4845652 is divided by 2451.
25
What is the remainder when 6693 is divided by 227?
110
Calculate the remainder when 952764 is divided by 1424.
108
Calculate the remainder when 127757 is divided by 126829.
928
Calculate the remainder when 8178428 is divided by 3445.
3443
Calculate the remaind